 -5 - dba11c?
-dba123
In base 3, what is 101 + 2012110000120?
2012110000221
In base 16, what is -3 + 10b7e0?
10b7dd
In base 9, what is -12 - -18061301?
18061278
In base 8, what is -2560157 + -720?
-2561077
In base 9, what is 61 + 205613?
205674
In base 2, what is -1010100100101100 + 10000110100100?
-1000011110001000
In base 4, what is 31132103 - -10?
31132113
In base 7, what is -6 - 165060100?
-165060106
In base 13, what is -6010b228 + 2?
-6010b226
In base 9, what is -88 - -1888705?
1888606
In base 7, what is -425243 - -1334?
-423606
In base 3, what is 110121121212101 - 1110?
110121121210221
In base 13, what is -3 - -2b71029?
2b71026
In base 11, what is -9187178 - 3?
-9187180
In base 3, what is -212200 - 100112101?
-101102001
In base 6, what is -1222052 + -1455?
-1223551
In base 12, what is -1ab7 + -18011?
-19b08
In base 14, what is 0 - 10d4053?
-10d4053
In base 9, what is 1 - -3303271?
3303272
In base 11, what is -626a6 + 70a?
-61a97
In base 6, what is -2532443 - -152?
-2532251
In base 13, what is -2 - 47aa9b?
-47aaa0
In base 15, what is -82573 + 3?
-82570
In base 6, what is 101450223355 - -2?
101450223401
In base 9, what is 421 + 2585664?
2586185
In base 6, what is -3 - 35224132?
-35224135
In base 10, what is -21592 - 31?
-21623
In base 10, what is -26 - 43178?
-43204
In base 10, what is 19185 - 8700?
10485
In base 13, what is -3122 + 27b?
-2b74
In base 2, what is 10100111000011011011 - -1000?
10100111000011100011
In base 5, what is -1002 - 111144043?
-111200100
In base 12, what is 16 + 1361948?
1361962
In base 4, what is 10 - -2012030000?
2012030010
In base 14, what is -31474b7 - -4?
-31474b3
In base 8, what is -133 - 4300563?
-4300716
In base 16, what is 62c37 - -6c?
62ca3
In base 11, what is -2385419 - -140?
-2385289
In base 15, what is -ac7686 - 2?
-ac7688
In base 13, what is -1206ac75 - 1?
-1206ac76
In base 5, what is -332 + 11000214430?
11000214043
In base 2, what is -1111000111 - -1010111001110101011?
1010110111111100100
In base 7, what is -14634 - -214242?
166305
In base 14, what is b3 + -367a4?
-366d1
In base 16, what is a - 5054f?
-50545
In base 12, what is -9527 - -7774?
-1973
In base 7, what is 11516112 + -25?
11516054
In base 10, what is 7 - 6069387?
-6069380
In base 16, what is 295d - 4a8?
24b5
In base 10, what is -4 + -91085208?
-91085212
In base 7, what is -140345046 - -31?
-140345015
In base 9, what is -20 + 62680?
62660
In base 11, what is 2 + -2936988?
-2936986
In base 9, what is -27 - 87605313?
-87605341
In base 4, what is -100023233103001 - -11?
-100023233102330
In base 15, what is -62a - 3aaa7?
-3b1d2
In base 6, what is 440521 + -13012?
423505
In base 4, what is -10 + 21221331033?
21221331023
In base 14, what is 82895a - -1?
82895b
In base 5, what is 1022301201 + -1033?
1022300113
In base 14, what is -3 - -1940588?
1940585
In base 10, what is 1042867 - 1452?
1041415
In base 16, what is -132c1e + -b?
-132c29
In base 3, what is 1 + 1120011002200220?
1120011002200221
In base 13, what is -8803927 + -4?
-880392b
In base 7, what is 133 - -61453323?
61453456
In base 11, what is -123 + -42a02?
-43025
In base 8, what is -15553 - 126521?
-144274
In base 3, what is 1022121022121120 - -1?
1022121022121121
In base 15, what is -1 - 21e834d?
-21e834e
In base 16, what is 7d19ed + 4d?
7d1a3a
In base 8, what is 1374363063 + -3?
1374363060
In base 7, what is -5642 + 62435?
53463
In base 16, what is 4e + -b8b2b?
-b8add
In base 8, what is 3312151 + -7?
3312142
In base 5, what is 3033224420 - -241?
3033230211
In base 4, what is 1 + 1113330030220?
1113330030221
In base 10, what is 765165 - 15?
765150
In base 7, what is 510 + -500405?
-466565
In base 4, what is -20130 - -23302?
3112
In base 4, what is -1 - -2210010102?
2210010101
In base 4, what is -3210310100210 + -1?
-3210310100211
In base 8, what is -32262456 + -5?
-32262463
In base 12, what is 4b9124b5a + 4?
4b9124b62
In base 4, what is -110030 - 1012112320?
-1012223010
In base 2, what is 101111101111111100000 + -1011110?
101111101111110000010
In base 6, what is 14525 - -3530?
22455
In base 4, what is 121 - -2100032020?
2100032201
In base 13, what is -2889 + 589?
-2300
In base 8, what is -22222 - 2565?
-25007
In base 12, what is -7b3b - bb?
-803a
In base 16, what is -24b + -3aea?
-3d35
In base 4, what is -2102 + 1300110001?
1300101233
In base 6, what is -55 - -203452155?
203452100
In base 3, what is 102 + 1212000101101?
1212000101210
In base 10, what is -8581127 + -2?
-8581129
In base 8, what is 12 + 157077?
157111
In base 9, what is 222752 + 81?
222843
In base 14, what is ba8 + 97d0?
a598
In base 6, what is -3034455 + 445?
-3034010
In base 5, what is 32213231 - -1331?
32220112
In base 4, what is -2200 + 102333330?
102331130
In base 8, what is -67436611 + -10?
-67436621
In base 3, what is 222211011101 + 2021?
222211020122
In base 5, what is 0 + -1400424011?
-1400424011
In base 13, what is 2049 - -358?
23a4
In base 14, what is -397 + -4253?
-460a
In base 5, what is 13031 - 1324433?
-1311402
In base 6, what is 3 + 3410450?
3410453
In base 16, what is -2321c6 - -1?
-2321c5
In base 4, what is -22031 - 23300022?
-23322113
In base 12, what is -144b7 + 2?
-144b5
In base 3, what is 20210 - 102020201221?
-102020111011
In base 4, what is 32333 - 121101100?
-121002101
In base 11, what is 2167807 - 9?
21677a9
In base 16, what is -ded + -e4?
-ed1
In base 16, what is dea + 5056?
5e40
In base 9, what is 11552204 + 5?
11552210
In base 13, what is -47905 + 373?
-47562
In base 2, what is -110111000101110000 + -100100?
-110111000110010100
In base 7, what is -21504 - 44422?
-66226
In base 11, what is -5a1926 + -6?
-5a1931
In base 12, what is -16 + -587a944?
-587a95a
In base 3, what is -120121021210 - 101222?
-120121200202
In base 8, what is -1773 + -6246?
-10241
In base 16, what is -2b + -1103f6c?
-1103f97
In base 3, what is -22010011 - 1012020001?
-1111100012
In base 16, what is 1a0a1b8 + -6?
1a0a1b2
In base 2, what is 11011011100011000111 - -100111000?
11011011100111111111
In base 5, what is 3222121023 - -21?
3222121044
In base 16, what is 40ee - cc?
4022
In base 3, what is 101112010002110 - -210?
101112010010020
In base 5, what is -1 + -1103122204?
-1103122210
In base 12, what is 20546 + 1378?
21902
In base 4, what is 33220121 - -1001?
33221122
In base 2, what is -100101001011101001100100 + -101111?
-100101001011101010010011
In base 12, what is 2112 - 8422?
-6310
In base 15, what is -8b42 + -4b09?
-d74b
In base 2, what is -10010101000011011011 - 101?
-10010101000011100000
In base 5, what is -31 - 11434323?
-11434404
In base 13, what is 70b + -1c6a2?
-1bc94
In base 3, what is 11210220210211 - 21?
11210220210120
In base 7, what is -140356420 - -123?
-140356264
In base 11, what is 2569 + 437?
29a5
In base 3, what is 22021012211001002 - -12?
22021012211001021
In base 2, what is 1 + -100010100110101101100?
-100010100110101101011
In base 11, what is -4013a2 - -57?
-401346
In base 10, what is -15171074 - 0?
-15171074
In base 9, what is 60088 - 34102?
24886
In base 10, what is 2611441 + -1?
2611440
In base 12, what is 1 + -21a1459a?
-21a14599
In base 4, what is -121001223 - -211?
-121001012
In base 11, what is 107851694 + 5?
107851699
In base 10, what is 597544 - 141?
597403
In base 11, what is 5779 + 2205?
7983
In base 13, what is -10613693 + -4?
-10613697
In base 16, what is 2 + -3aadd0?
-3aadce
In base 2, what is 11110010100011000 - 11000?
11110010100000000
In base 5, what is 1 + 202034243131?
202034243132
In base 9, what is 2002105 - 4?
2002101
In base 11, what is 121a354 - -11?
121a365
In base 5, what is -110 + -101222203?
-101222313
In base 4, what is 23 - -3033030231?
3033030320
In base 5, what is -2 + 431124410?
431124403
In base 3, what is -2012121202222 + -100?
-2012121210022
In base 15, what is e + -183164?
-183155
In base 4, what is -1002300100231 + -312?
-1002300101203
In base 7, what is 11 - 30025315?
-30025304
In base 5, what is 32124241330012 + -4?
32124241330003
In base 8, what is -34 + -11566452?
-11566506
In base 13, what is -2 - 2bc3626?
-2bc3628
In base 5, what is -2 + -42340303?
-42340310
In base 3, what is 20110201 - -22010?
20202211
In base 8, what is -10453156 + -14?
-10453172
In base 5, what is 34421224403 - 4?
34421224344
In base 2, what is 1010100010101111111000010 - -101101?
10101